 5) to base 10
2297
6607 (base 12) to base 7
44524
What is -1020221 (base 3) in base 10?
-916
35436 (base 7) to base 8
21665
What is 8ba (base 13) in base 8?
2741
What is 1013043 (base 5) in base 14?
60d2
Convert 6365 (base 16) to base 6.
313445
Convert -3608 (base 15) to base 12.
-678b
What is -51 (base 9) in base 15?
-31
What is 32210 (base 5) in base 7?
6233
Convert 230220 (base 4) to base 12.
17a0
222200 (base 3) to base 10
720
17731 (base 8) to base 4
1333121
What is 2223 (base 4) in base 9?
210
What is 935 (base 16) in base 3?
10020022
Convert 2042 (base 9) to base 15.
69b
-51c5 (base 14) to base 7
-56035
-1558 (base 15) to base 3
-20021202
What is 600 (base 14) in base 16?
498
What is -62 (base 13) in base 10?
-80
What is 12226 (base 8) in base 16?
1496
What is -c412 (base 13) in base 5?
-1331210
12253 (base 7) to base 2
110010010111
Convert -100001011001000 (base 2) to base 3.
-212110012
What is 41210 (base 5) in base 6?
20224
304024 (base 5) to base 8
23241
What is 433201 (base 7) in base 16?
12727
What is -50060 (base 7) in base 12?
-6b7b
Convert d85 (base 14) to base 4.
221221
What is -c (base 13) in base 9?
-13
What is -dc (base 16) in base 10?
-220
328 (base 11) to base 3
112120
What is -1498 (base 11) in base 3?
-2122012
Convert 816 (base 9) to base 5.
10123
What is -807 (base 12) in base 3?
-1120221
What is -199 (base 12) in base 15?
-126
What is 132012 (base 5) in base 10?
5257
1a10 (base 13) to base 3
12100110
54512 (base 7) to base 11
a272
What is 570 (base 10) in base 15?
280
47150 (base 10) to base 5
3002100
Convert -1847 (base 11) to base 12.
-143a
What is -10412 (base 9) in base 12?
-3ba8
10300 (base 5) to base 16
2bc
-322452 (base 7) to base 11
-391a9
-1 (base 10) to base 8
-1
What is -2332211 (base 4) in base 12?
-7085
Convert -315 (base 12) to base 7.
-1211
a3b (base 12) to base 13
8a5
212100010 (base 3) to base 8
41165
What is -5143 (base 8) in base 5?
-41114
-194 (base 10) to base 16
-c2
Convert d4a (base 16) to base 10.
3402
Convert -20100 (base 5) to base 11.
-a5a
211 (base 15) to base 3
122021
What is 421234 (base 6) in base 10?
34006
-52 (base 7) to base 4
-211
Convert b7e (base 16) to base 9.
4028
118 (base 10) to base 5
433
Convert -415 (base 12) to base 5.
-4333
-400 (base 8) to base 12
-194
What is 149 (base 15) in base 5?
2134
What is 134134 (base 7) in base 14?
93c4
Convert 55 (base 13) to base 3.
2121
Convert -51 (base 12) to base 11.
-56
Convert 3342 (base 5) to base 16.
1d8
31200 (base 4) to base 15
3c9
Convert 333200 (base 4) to base 3.
12120112
19e (base 16) to base 11
347
What is -53a7 (base 13) in base 4?
-2311231
Convert -bbb (base 13) to base 7.
-5604
What is -13cc (base 15) in base 4?
-1002102
What is 114014 (base 6) in base 16?
26da
What is -4360 (base 12) in base 5?
-214131
What is 1530 (base 9) in base 15?
526
Convert -10630 (base 8) to base 15.
-1504
What is -761 (base 10) in base 8?
-1371
What is 1001011011 (base 2) in base 10?
603
a36 (base 11) to base 8
2341
Convert -8852 (base 9) to base 14.
-2543
What is -288 (base 15) in base 3?
-210102
-10134 (base 5) to base 2
-1010011101
Convert -148c (base 13) to base 6.
-21501
What is -111221 (base 4) in base 14?
-70d
What is -f35 (base 16) in base 4?
-330311
What is 1111 (base 6) in base 15?
124
Convert 1001424 (base 5) to base 9.
23676
-5055 (base 6) to base 5
-13430
-13b4 (base 12) to base 2
-100011111000
Convert 1b6 (base 12) to base 14.
162
Convert 424322 (base 5) to base 10.
14337
15774 (base 10) to base 3
210122020
What is -120212 (base 4) in base 9?
-2138
Convert -1142 (base 9) to base 12.
-5a8
Convert 115531 (base 6) to base 14.
3ab5
What is -222122212 (base 3) in base 7?
-110444
What is -10638 (base 10) in base 14?
-3c3c
Convert 3727 (base 15) to base 11.
8900
Convert 11033 (base 4) to base 8.
517
Convert 100222210 (base 3) to base 2.
1110001110100
Convert 886 (base 9) to base 11.
600
Convert -121225 (base 6) to base 8.
-24661
402 (base 6) to base 10
146
2011301 (base 4) to base 9
12662
What is 20a57 (base 11) in base 8?
73532
1097 (base 10) to base 7
3125
6115 (base 7) to base 10
2119
What is -1010100000110101 (base 2) in base 13?
-167a5
Convert -913 (base 15) to base 13.
-c12
What is -5ef0 (base 16) in base 15?
-7304
What is -10010 (base 2) in base 6?
-30
-52265 (base 7) to base 13
-5ac5
13244 (base 6) to base 8
3774
-104355 (base 7) to base 5
-1041431
Convert -1010011011 (base 2) to base 8.
-1233
What is 30233 (base 4) in base 5?
11230
Convert 1220110 (base 3) to base 2.
10101101101
-121120 (base 4) to base 8
-3130
Convert -2211 (base 6) to base 8.
-777
What is 22134 (base 6) in base 13?
1531
Convert -36476 (base 9) to base 12.
-12196
461a (base 15) to base 7
61240
-17022 (base 8) to base 5
-221243
What is 10101 (base 3) in base 4?
1123
17a2 (base 12) to base 7
11222
What is -11010111111110 (base 2) in base 5?
-420242
Convert -1650 (base 11) to base 16.
-840
Convert -aa (base 12) to base 3.
-11211
Convert 418 (base 14) to base 7.
2231
-894 (base 13) to base 4
-113001
What is -357 (base 10) in base 3?
-111020
Convert 3389 (base 15) to base 9.
15883
40f (base 16) to base 14
543
Convert -366 (base 9) to base 11.
-256
What is c94 (base 13) in base 6?
13541
Convert 259 (base 12) to base 16.
165
1487 (base 9) to base 15
507
What is -2213404 (base 5) in base 9?
-57853
-112210112 (base 3) to base 11
-8117
What is -188 (base 16) in base 6?
-1452
What is -f0b (base 16) in base 13?
-19a3
What is -2a1 (base 14) in base 8?
-1025
What is -59a1 (base 14) in base 11?
-10815
Convert -3a6 (base 13) to base 10.
-643
Convert 303313 (base 4) to base 6.
23211
214050 (base 7) to base 16
922e
-1345 (base 11) to base 13
-a41
110000011 (base 2) to base 15
1ac
What is 22000 (base 3) in base 4?
3120
Convert ab34 (base 15) to base 9.
54674
-42696 (base 11) to base 7
-345632
Convert 1333 (base 10) to base 7.
3613
What is 379 (base 13) in base 14?
315
Convert 61b (base 12) to base 9.
1185
26b8 (base 16) to base 2
10011010111000
What is 1a (base 12) in base 2?
10110
11010110 (base 2) to base 13
136
Convert -314 (base 15) to base 11.
-581
What is -130043 (base 5) in base 10?
-5023
Convert -2022 (base 3) to base 5.
-222
Convert -1770 (base 8) to base 12.
-708
Convert -b645 (base 14) to base 6.
-401245
ce (base 15) to base 13
11c
What is -1413 (base 5) in base 13?
-14c
121 (base 10) to base 3
11111
Convert 102300103 (base 4) to base 6.
1351351
What is -220 (base 15) in base 14?
-264
What is 1683 (base 10) in base 11?
12a0
1100111011 (base 2) to base 5
11302
Convert -10025 (base 6) to base 14.
-69b
Convert -2535 (base 8) to base 3.
-1212212
Convert 151255 (base 6) to base 13.
6836
What is 266 (base 10) in base 3?
100212
What is -7011 (base 12) in base 3?
-121121111
What is c21 (base 14) in base 5?
34011
Convert -5111 (base 11) to base 6.
-51232
-334552 (base 6) to base 5
-1401132
Convert -112212 (base 3) to base 12.
-295
Convert -612 (base 15) to base 14.
-6d9
Convert 94 (base 16) to base 4.
2110
200222002 (base 3) to base 13
63a7
980 (base 14) to base 9
2514
-21202 (base 5) to base 7
-4106
Convert -122324 (base 8) to base 7.
-234010
-5294 (base 11) to base 13
-3256
-4c7 (base 13) to base 15
-3ae
-97 (base 11) to base 13
-82
What is -21434 (base 7) in base 9?
-7322
What is 210321 (base 5) in base 15?
20e1
Convert 3415 (base 6) to base 10.
803
Convert -22e6 (base 16) to base 11.
-6792
Convert 6c (base 13) to base 15.
60
What is 1471 (base 10) in base 11?
1118
What is 3139 (base 10) in base 2?
110001000011
Convert 1970 (base 13) to base 12.
2255
Convert 10001101100001 (base 2) to base 5.
242212
-1042402 (base 5) to base 16
-482d
What is 4212 (base 5) in base 15?
272
8404 (base 16) to base 15
a031
Convert 26653 (base 7) to base 11.
5449
-3757 (base 8) to base 12
-1213
What is -5a1 (base 14) in base 7?
-3161
94 (base 14) to base 8
202
What is -301 (base 9) in base 7?
-466
What is 11213 (base 8) in base 11?
3626
Convert -22c5 (base 16) to base 6.
-105113
221100 (base 3) to base 8
1254
1011220 (base 3) to base 13
513
What is 1352 (base 6) in base 13?
215
-4165 (base 9) to base 12
-1928
What is 2023103 (base 4) in base 10?
8915
What is b30 (base 12) in base 11?
1243
-232131 (base 6) to base 8
-46727
Convert 3726 (base 9) to base 8.
5332
1e2 (base 15) to base 11
368
-1010000